2852351 (base 10) in base 14?
5436b5
Convert -412114143 (base 6) to base 4.
-123011310033
-2df50d (base 16) to base 10
-3011853
What is 46aa6 (base 13) in base 10?
129252
Convert -221220001 (base 3) to base 12.
-ab0a
Convert 224202 (base 5) to base 8.
17564
What is 46263033 (base 7) in base 6?
222442003
What is -1010001110000101101000 (base 2) in base 4?
-22032011220
What is 3817b6 (base 12) in base 5?
213242013
What is 4073477 (base 9) in base 12?
88a314
What is -12112210112 (base 3) in base 12?
-53242
What is -2046756 (base 9) in base 2?
-100001011000111100110
-802607 (base 14) to base 11
-2483682
What is -100011101101011100111 (base 2) in base 7?
-12642343
2200300233 (base 4) to base 15
d0189
Convert 151476 (base 10) to base 9.
250706
What is 19196 (base 12) in base 15?
ac66
Convert 1105214343 (base 6) to base 10.
12008439
-654526 (base 8) to base 13
-78b8c
What is 903667 (base 10) in base 4?
3130213303
Convert 111203212 (base 5) to base 3.
220221121022
-518630 (base 10) to base 11
-324722
What is 2420 (base 12) in base 9?
5506
21212516 (base 7) to base 12
72a792
Convert 5b56a0 (base 12) to base 16.
169c98
-1001011021200 (base 3) to base 14
-105db1
Convert 45247005 (base 8) to base 15.
cd4327
23740540 (base 8) to base 3
100211112212222
Convert 230033210 (base 4) to base 13.
64640
Convert 3471694 (base 10) to base 5.
1342043234
2040140 (base 6) to base 13
35b23
What is -22023130010 (base 4) in base 10?
-2668292
What is 2122073 (base 8) in base 15?
b2c06
Convert -1230000322 (base 4) to base 2.
-1101100000000111010
Convert -1127754 (base 9) to base 14.
-11c0b9
Convert 11100202010 (base 3) to base 13.
300ba
Convert 9239425 (base 11) to base 16.
f91004
-1320ac (base 16) to base 7
-13440442
-1ec1c (base 16) to base 3
-20101210221
Convert 4485785 (base 9) to base 12.
987895
16151357 (base 8) to base 12
12b7127
172749 (base 12) to base 15
7d120
What is 1172381 (base 10) in base 8?
4361635
-5502238 (base 9) to base 16
-2d1379
Convert -131525503 (base 6) to base 15.
-367eb0
43522 (base 8) to base 4
10131102
-401632 (base 8) to base 3
-20201001200
-206218 (base 10) to base 4
-302112022
102706 (base 11) to base 16
282d6
What is a30d0 (base 15) in base 13?
151182
Convert -10000101010011110 (base 2) to base 10.
-68254
Convert -2382265 (base 9) to base 11.
-804392
What is 200244122 (base 5) in base 10?
790537
732b0 (base 14) to base 11
17a6a6
Convert 162155515 (base 7) to base 11.
6214594
What is -11275736 (base 8) in base 2?
-1001010111101111011110
Convert 125776 (base 10) to base 14.
33ba0
What is -70bd5 (base 16) in base 9?
-773400
Convert 20001101022021 (base 3) to base 15.
437c97
Convert 5f080 (base 16) to base 9.
652847
-111401133 (base 6) to base 16
-1f1751
What is -3133110001 (base 4) in base 7?
-10526506
-12021453 (base 7) to base 3
-2000001211120
What is 1853a9 (base 11) in base 3?
112111101021
What is -98728 (base 16) in base 13?
-18b2a8
-1310066 (base 7) to base 16
-29a17
428686 (base 12) to base 15
15b8b0
Convert -4706547 (base 9) to base 7.
-30423463
What is -100000110111101101 (base 2) in base 12?
-65ab9
Convert -fc7 (base 16) to base 8.
-7707
87934d (base 14) to base 4
101202101321
3475b36 (base 12) to base 15
d4a283
Convert -513321 (base 9) to base 5.
-34214010
Convert 101145430 (base 7) to base 14.
adc117
162527 (base 16) to base 10
1451303
Convert -111101101100000 (base 2) to base 7.
-161040
Convert -111111101001011111001 (base 2) to base 10.
-2085625
What is -12556451 (base 8) in base 7?
-32606611
2306322 (base 8) to base 7
5214464
Convert -90095 (base 11) to base 10.
-131873
-121250 (base 9) to base 16
-11d93
Convert -630574 (base 11) to base 9.
-1810638
What is -81534 (base 10) in base 3?
-11010211210
Convert -1626732 (base 9) to base 11.
-568071
Convert 226184 (base 15) to base 7.
16642042
What is 33053001 (base 6) in base 9?
1763701
-195443 (base 13) to base 4
-2130100322
Convert -21222222110 (base 3) to base 10.
-157449
-101202222 (base 4) to base 6
-1312350
-4774b4 (base 14) to base 12
-9982b2
-1221210010 (base 3) to base 5
-2212403
-220000120012 (base 3) to base 8
-1633342
Convert -1b587b5 (base 13) to base 12.
-3056520
What is -15411042 (base 6) in base 3?
-1000201202222
1b8d0 (base 16) to base 14
2d1a8
Convert 1220122201000 (base 3) to base 11.
634989
3150311 (base 6) to base 5
14414324
What is -122011112222 (base 3) in base 6?
-11124255
What is 1bc47e (base 15) in base 10?
1357769
What is 49a13c (base 13) in base 3?
10022122022120
-4425045 (base 6) to base 8
-660365
132213233111 (base 4) to base 12
2831385
What is 1201002022 (base 3) in base 8?
101474
Convert 231010224 (base 5) to base 15.
155b5e
What is 6447258 (base 10) in base 4?
120212002122
Convert -2035 (base 10) to base 7.
-5635
Convert 311240 (base 9) to base 12.
8aa23
6404400 (base 9) to base 2
1101000100111011110010
What is -1847b (base 14) in base 7?
-343414
Convert 1739 (base 12) to base 6.
20513
-421643 (base 13) to base 12
-626508
What is 18a402 (base 13) in base 11?
395705
What is e13 (base 16) in base 9?
4843
-324643 (base 10) to base 12
-137a57
Convert -775a1 (base 15) to base 7.
-3136522
What is 10133310011 (base 4) in base 16?
11fd05
-4469280 (base 10) to base 11
-2582922
-3030b0 (base 16) to base 6
-151405132
What is 7237673 (base 8) in base 16?
1d3fbb
What is 323053 (base 7) in base 13?
1c810
What is 2025002 (base 6) in base 13?
351b6
What is -100001101001000001 (base 2) in base 8?
-415101
What is -325521551 (base 6) in base 10?
-5873899
What is 143115 (base 7) in base 13?
c696
653a6 (base 12) to base 10
133614
What is -67385 (base 10) in base 3?
-10102102202
Convert -87e5a (base 15) to base 8.
-1513364
What is -aac20 (base 15) in base 7?
-4420206
Convert 2105170 (base 8) to base 6.
15555212
Convert 18c959 (base 14) to base 11.
551110
Convert -1357564 (base 10) to base 6.
-45033004
Convert 4246011 (base 7) to base 5.
113002010
What is 122312230 (base 5) in base 16?
8fa98
1bc47 (base 14) to base 16
11567
What is -16163426 (base 7) in base 14?
-2c92bd
What is -211705 (base 8) in base 3?
-10120211201
Convert -11031404 (base 5) to base 10.
-95854
What is -20003444 (base 6) in base 15?
-b11e7
Convert 27b3ab5 (base 13) to base 4.
233332020211
What is -3839 (base 13) in base 16?
-1f37
What is -11531153 (base 6) in base 13?
-cc333
37022 (base 11) to base 7
311201
Convert 332746 (base 10) to base 6.
11044254
Convert -253425 (base 12) to base 14.
-11b389
Convert 6c53 (base 13) to base 11.
1052a
Convert 200101441 (base 5) to base 8.
2774355
Convert 213652 (base 15) to base 8.
6017577
Convert -1312210 (base 8) to base 7.
-3052123
What is -141368 (base 10) in base 9?
-234825
What is 3213000 (base 5) in base 12?
273a5
-305472 (base 8) to base 4
-120230322
Convert 4226555 (base 7) to base 9.
858402
What is 37059 (base 10) in base 14?
d711
17550572 (base 8) to base 16
3ed17a
Convert -158a9b (base 12) to base 14.
-98103
What is -98127 (base 14) in base 2?
-1011001110100110111
What is -19345a (base 11) in base 9?
-502812
What is -121332213 (base 4) in base 12?
-516b3
Convert -52a9 (base 15) to base 8.
-42114
32171635 (base 9) to base 10
15518012
2334251 (base 6) to base 13
433ba
What is 102553400 (base 7) in base 14?
b4a100
What is -103134423 (base 5) in base 14?
-b76ad
Convert -312352310 (base 6) to base 12.
-19a5696
Convert 32132020 (base 5) to base 14.
70a0d
What is 1010101111011100101 (base 2) in base 10?
351973
bbec (base 16) to base 9
72883
Convert 54625 (base 12) to base 6.
2220045
Convert -573c07 (base 14) to base 15.
-3d98d3
4044589 (base 11) to base 4
123101303302
-2a310d (base 14) to base 7
-15323416
1305132 (base 6) to base 8
212720
Convert -3a072 (base 12) to base 9.
-131135
2220131 (base 5) to base 7
221044
-2548767 (base 11) to base 12
-1591011
-28cd0 (base 14) to base 15
-20048
Convert 111b68 (base 13) to base 16.
62a1c
Convert 150413020 (base 6) to base 10.
3112356
Convert 25354152 (base 6) to base 14.
176376
11023322021 (base 4) to base 9
2501782
108500 (base 16) to base 6
35112052
What is 12414402 (base 5) in base 12?
5b2a6
Convert 2bb71 (base 14) to base 4.
122223113
34617267 (base 8) to base 13
1742005
11010120 (base 4) to base 2
101000100011000
Convert 1133378 (base 13) to base 11.
2a94214
What is 9c6394 (base 15) in base 7?
120301561
Convert -22